2 and 60?
12
What is the greatest common factor of 1519 and 98?
49
Calculate the greatest common factor of 1513 and 712.
89
What is the greatest common factor of 1720 and 440?
40
Calculate the highest common factor of 110 and 22.
22
What is the greatest common divisor of 1495 and 345?
115
Calculate the highest common factor of 2737 and 357.
119
What is the greatest common factor of 106 and 583?
53
What is the greatest common factor of 1357 and 483?
23
What is the highest common divisor of 920 and 392?
8
Calculate the highest common divisor of 65 and 10.
5
What is the highest common divisor of 21 and 399?
21
Calculate the highest common divisor of 16 and 7888.
16
What is the highest common factor of 36 and 18?
18
Calculate the greatest common divisor of 4554 and 66.
66
What is the greatest common divisor of 99 and 9?
9
What is the greatest common divisor of 1029 and 6?
3
What is the highest common divisor of 38 and 304?
38
What is the highest common factor of 99 and 1881?
99
What is the highest common factor of 298 and 5513?
149
Calculate the greatest common factor of 3683 and 29.
29
What is the highest common factor of 381 and 5461?
127
Calculate the highest common divisor of 61 and 305.
61
What is the highest common divisor of 745 and 447?
149
Calculate the highest common factor of 38 and 57.
19
What is the greatest common factor of 48 and 108?
12
Calculate the greatest common divisor of 111 and 777.
111
What is the highest common divisor of 275 and 225?
25
What is the highest common factor of 897 and 130?
13
What is the greatest common divisor of 20 and 340?
20
Calculate the highest common factor of 212 and 16.
4
What is the greatest common factor of 1113 and 189?
21
What is the highest common divisor of 1455 and 5?
5
Calculate the greatest common factor of 5963 and 89.
89
What is the greatest common divisor of 780 and 36?
12
Calculate the highest common factor of 1998 and 54.
54
What is the greatest common factor of 1179 and 1703?
131
What is the highest common factor of 70 and 50?
10
Calculate the greatest common divisor of 145 and 261.
29
Calculate the highest common divisor of 28 and 16.
4
What is the greatest common factor of 114 and 380?
38
Calculate the greatest common divisor of 26 and 1625.
13
What is the greatest common factor of 46 and 621?
23
What is the highest common divisor of 407 and 55?
11
Calculate the highest common factor of 240 and 30.
30
What is the highest common factor of 194 and 30?
2
Calculate the highest common factor of 72 and 52632.
72
Calculate the greatest common divisor of 40 and 100.
20
Calculate the highest common factor of 11045 and 470.
235
Calculate the greatest common divisor of 12 and 2748.
12
Calculate the greatest common divisor of 15 and 160.
5
Calculate the greatest common divisor of 62 and 465.
31
What is the highest common divisor of 125 and 50?
25
Calculate the highest common factor of 92052 and 36.
36
What is the highest common divisor of 3610 and 10?
10
What is the highest common divisor of 8 and 8192?
8
What is the highest common factor of 324 and 12?
12
What is the highest common divisor of 33 and 132?
33
What is the highest common divisor of 760 and 120?
40
Calculate the highest common factor of 46 and 8.
2
Calculate the greatest common divisor of 1400 and 170.
10
What is the highest common divisor of 296 and 40?
8
Calculate the highest common divisor of 744 and 72.
24
Calculate the highest common factor of 48 and 72.
24
Calculate the highest common divisor of 9 and 1506.
3
What is the greatest common factor of 23 and 9913?
23
Calculate the highest common factor of 32658 and 6.
6
What is the greatest common factor of 425 and 17?
17
Calculate the greatest common divisor of 442 and 68.
34
Calculate the highest common divisor of 138 and 36846.
138
Calculate the highest common factor of 22 and 2321.
11
Calculate the greatest common factor of 85 and 13583.
17
What is the highest common divisor of 72 and 18756?
36
What is the highest common factor of 1334 and 46?
46
Calculate the greatest common divisor of 2163 and 42.
21
What is the greatest common factor of 8610 and 21?
21
What is the highest common divisor of 38 and 270?
2
Calculate the greatest common divisor of 36 and 306.
18
Calculate the highest common factor of 33 and 1419.
33
Calculate the greatest common divisor of 1526 and 56.
14
What is the highest common divisor of 256 and 24?
8
Calculate the greatest common factor of 24 and 328.
8
What is the highest common factor of 1233 and 81?
9
What is the highest common factor of 6 and 366?
6
Calculate the highest common factor of 306 and 72.
18
What is the highest common factor of 243 and 1035?
9
What is the greatest common factor of 6 and 27?
3
Calculate the highest common divisor of 40 and 895.
5
What is the highest common factor of 91 and 169?
13
What is the highest common factor of 35 and 805?
35
Calculate the highest common factor of 17 and 1139.
17
Calculate the greatest common factor of 350 and 3.
1
Calculate the highest common factor of 273 and 63.
21
Calculate the greatest common factor of 45 and 495.
45
Calculate the highest common divisor of 114 and 741.
57
Calculate the highest common factor of 395 and 20.
5
Calculate the greatest common factor of 65 and 4030.
65
What is the highest common divisor of 52 and 286?
26
What is the highest common divisor of 132 and 286?
22
What is the greatest common divisor of 1827 and 87?
87
Calculate the greatest common divisor of 1834 and 21.
7
Calculate the highest common factor of 1233 and 243.
9
What is the greatest common divisor of 83 and 8549?
83
Calculate the greatest common divisor of 65 and 104.
13
Calculate the highest common divisor of 2516 and 884.
68
What is the greatest common divisor of 150 and 43650?
150
What is the greatest common divisor of 4 and 692?
4
Calculate the greatest common divisor of 33 and 627.
33
What is the highest common divisor of 4628 and 52?
52
Calculate the highest common divisor of 418 and 44.
22
Calculate the greatest common factor of 120 and 1560.
120
What is the highest common factor of 23 and 23?
23
What is the greatest common divisor of 3682 and 28?
14
What is the greatest common divisor of 1311 and 19?
19
Calculate the greatest common divisor of 87 and 145.
29
Calculate the greatest common divisor of 91 and 7.
7
Calculate the greatest common divisor of 27 and 22221.
27
Calculate the highest common divisor of 462 and 1771.
77
Calculate the highest common factor of 6 and 330.
6
What is the highest common divisor of 2232 and 651?
93
What is the greatest common factor of 68 and 391?
17
What is the greatest common factor of 16677 and 153?
153
Calculate the highest common factor of 1886 and 574.
82
What is the highest common factor of 145 and 261?
29
What is the greatest common factor of 21 and 34251?
21
Calculate the greatest common divisor of 30 and 312.
6
What is the greatest common divisor of 60 and 60?
60
What is the greatest common factor of 2130 and 24?
6
Calculate the highest common factor of 16 and 88.
8
Calculate the greatest common divisor of 68 and 148.
4
Calculate the greatest common divisor of 1311 and 759.
69
Calculate the highest common factor of 176 and 33.
11
What is the greatest common divisor of 23 and 207?
23
What is the greatest common divisor of 546 and 26?
26
Calculate the greatest common divisor of 106290 and 90.
90
Calculate the greatest common factor of 796 and 8.
4
Calculate the greatest common divisor of 88 and 132.
44
What is the highest common factor of 4055 and 5?
5
What is the greatest common factor of 1634 and 86?
86
What is the greatest common divisor of 65 and 5?
5
What is the greatest common divisor of 48152 and 13?
13
What is the highest common factor of 34 and 4454?
34
Calculate the highest common factor of 39 and 2379.
39
What is the greatest common factor of 638 and 66?
22
What is the greatest common divisor of 638 and 290?
58
What is the highest common factor of 6 and 111?
3
Calculate the highest common factor of 32951 and 249.
83
What is the greatest common divisor of 60 and 144?
12
What is the greatest common factor of 50 and 550?
50
Calculate the greatest common factor of 864 and 64.
32
Calculate the highest common divisor of 684 and 72.
36
Calculate the highest co